{"id":81,"date":"2023-10-27T12:42:36","date_gmt":"2023-10-27T10:42:36","guid":{"rendered":"https:\/\/bvclillefot.se\/?page_id=81"},"modified":"2025-03-20T18:59:55","modified_gmt":"2025-03-20T17:59:55","slug":"kontakt","status":"publish","type":"page","link":"https:\/\/bvclillefot.se\/index.php\/kontakt\/","title":{"rendered":"Kontakt"},"content":{"rendered":"\n<figure class=\"wp-block-image size-full\"><img loading=\"lazy\" decoding=\"async\" width=\"481\" height=\"178\" src=\"https:\/\/bvclillefot.se\/wp-content\/uploads\/2023\/10\/lillefot-9.png\" alt=\"\" class=\"wp-image-82\" srcset=\"https:\/\/bvclillefot.se\/wp-content\/uploads\/2023\/10\/lillefot-9.png 481w, https:\/\/bvclillefot.se\/wp-content\/uploads\/2023\/10\/lillefot-9-300x111.png 300w\" sizes=\"auto, (max-width: 481px) 100vw, 481px\" \/><\/figure>\n\n\n\n<div class=\"wp-block-columns is-layout-flex wp-container-core-columns-is-layout-28f84493 wp-block-columns-is-layout-flex\">\n<div class=\"wp-block-column is-layout-flow wp-block-column-is-layout-flow\" style=\"flex-basis:66.66%\">\n<p><strong>Telefontid:<\/strong> M\u00e5n-fre 8.00-8.30<br>(\u00f6vrig tid telefonsvarare) <\/p>\n\n\n\n<p><em>\u00d6vrig tid kan du n\u00e5 oss via Mina V\u00e5rdkontakter p\u00e5 1177 (vi svarar inom tv\u00e5 arbetsdagar) eller via mail. <\/em><\/p>\n\n\n\n<p><a rel=\"noreferrer noopener\" href=\"https:\/\/www.1177.se\/Skane\/sa-fungerar-varden\/att-valja-vardmottagning\/halso--och-vardval-i-skane\/\" target=\"_blank\">Mina v\u00e5rdkontakter 1177<\/a> <\/p>\n\n\n\n<p><strong>\u00d6ppettider: <\/strong>M\u00e5ndag &#8211; fredag 08.00-16.00<br>Endast inbokade tider.<\/p>\n\n\n\n<p><strong>Adress: <\/strong>Barnav\u00e5rdcentralen Lillefot AB             Storgatan 2, v\u00e5ning 3<br>243 30 H\u00f6\u00f6r<\/p>\n\n\n\n<hr class=\"wp-block-separator has-alpha-channel-opacity\"\/>\n\n\n\n<p><a href=\"https:\/\/www.google.se\/maps\/place\/Barnav%C3%A5rdscentral+H%C3%B6%C3%B6r\/@55.931252,13.5449061,17z\/data=!3m1!4b1!4m6!3m5!1s0x4653ee3ccc504b25:0xd1a8d5c9ddc05d6c!8m2!3d55.931252!4d13.547481!16s%2Fg%2F11h6g4yvp7?entry=ttu\" target=\"_blank\" rel=\"noreferrer noopener\">BVC Lillefot Google Maps<\/a><\/p>\n\n\n\n<p><strong>Mailkontakt:<\/strong>                                                             (vid generella eller icke br\u00e5dskande fr\u00e5gor till er sk\u00f6terska)<\/p>\n\n\n\n<p>lena.nilsson@bvclillefot.se<\/p>\n\n\n\n<p>jeanette.rundquist@bvclillefot.se<\/p>\n\n\n\n<p>anna.doyle@bvclillefot.se<\/p>\n\n\n\n<p>lisa.ammarox@bvclillefot.se<\/p>\n\n\n\n<hr class=\"wp-block-separator has-alpha-channel-opacity\"\/>\n\n\n\n<p><strong>Om du inte \u00e4r n\u00f6jd med v\u00e5rden<\/strong><\/p>\n\n\n\n<p>Du kan kontakta Patientn\u00e4mnden Sk\u00e5ne om du vill ha hj\u00e4lp med att l\u00e4mna synpunkter eller klaga p\u00e5 v\u00e5rden. Du kan \u00e4ven l\u00e4mna synpunkter eller klagom\u00e5l f\u00f6r en n\u00e4rst\u00e5ende.<\/p>\n\n\n\n<p>Patientn\u00e4mnden Sk\u00e5ne tar emot synpunkter och klagom\u00e5l p\u00e5 offentlig h\u00e4lso- och sjukv\u00e5rd som drivs av Region Sk\u00e5ne, h\u00e4lso- och sjukv\u00e5rd hos privata v\u00e5rdgivare som har avtal med Region Sk\u00e5ne, kommunal h\u00e4lso- och sjukv\u00e5rd samt viss tandv\u00e5rd.<\/p>\n\n\n\n<p>Patientn\u00e4mnden Sk\u00e5ne kan hj\u00e4lpa dig f\u00e5 svar p\u00e5 dina synpunkter eller klagom\u00e5l och informera dig om dina r\u00e4ttigheter i v\u00e5rden. De inkomna synpunkterna och klagom\u00e5len sammanst\u00e4lls sedan och slutsatserna kan anv\u00e4ndas f\u00f6r att v\u00e5rden ska bli b\u00e4ttre.<\/p>\n\n\n\n<p>H\u00e4r hittar du mer information om hur du g\u00e5r till v\u00e4ga om du vill l\u00e4mna ett klagom\u00e5l: <a href=\"https:\/\/www.1177.se\/Skane\/sa-fungerar-varden\/om-du-inte-ar-nojd\/om-du-inte-ar-nojd-med-varden\/\" target=\"_blank\" rel=\"noreferrer noopener\">Om du inte \u00e4r n\u00f6jd med v\u00e5rden &#8211; 1177<\/a><\/p>\n<\/div>\n\n\n\n<div class=\"wp-block-column is-layout-flow wp-block-column-is-layout-flow\" style=\"flex-basis:33.33%\">\n<p><strong>Viktiga l\u00e4nkar<\/strong><\/p>\n\n\n\n<p><a rel=\"noreferrer noopener\" href=\"https:\/\/www.1177.se\/Skane\/\" target=\"_blank\">1177<\/a><\/p>\n\n\n\n<p><a href=\"https:\/\/www.1177.se\/Skane\/sa-fungerar-varden\/att-valja-vardmottagning\/halso--och-vardval-i-skane\/\" target=\"_blank\" rel=\"noreferrer noopener\">H\u00e4lso- och v\u00e5rdval i Sk\u00e5ne &#8211; 1177<\/a><\/p>\n\n\n\n<p><a href=\"https:\/\/www.amningshjalpen.se\/\" target=\"_blank\" rel=\"noreferrer noopener\">Amningshj\u00e4lpen<\/a><\/p>\n\n\n\n<p><a href=\"https:\/\/giftinformation.se\/\" target=\"_blank\" rel=\"noreferrer noopener\">Giftinformationscentralen<\/a><\/p>\n<\/div>\n<\/div>\n\n\n\n<p class=\"has-text-align-center has-dm-sans-font-family\"><strong>Barnav\u00e5rdcentralen Lillefot AB &#8211; Storgatan 2, v\u00e5ning 3, 243 30 H\u00f6\u00f6r<\/strong><\/p>\n\n\n\n<p class=\"has-text-align-center has-dm-sans-font-family\"><strong>Telefontid: M\u00e5n-fre 8.00-8.30 tfn 0413-231 97<\/strong><\/p>\n\n\n\n<ul class=\"wp-block-social-links has-normal-icon-size is-style-logos-only is-content-justification-center is-nowrap is-layout-flex wp-container-core-social-links-is-layout-8f28c658 wp-block-social-links-is-layout-flex\"><li class=\"wp-social-link wp-social-link-facebook  wp-block-social-link\"><a href=\"https:\/\/www.facebook.com\/profile.php?id=100028975134942\" class=\"wp-block-social-link-anchor\"><svg width=\"24\" height=\"24\" viewBox=\"0 0 24 24\" version=\"1.1\" xmlns=\"http:\/\/www.w3.org\/2000\/svg\" aria-hidden=\"true\" focusable=\"false\"><path d=\"M12 2C6.5 2 2 6.5 2 12c0 5 3.7 9.1 8.4 9.9v-7H7.9V12h2.5V9.8c0-2.5 1.5-3.9 3.8-3.9 1.1 0 2.2.2 2.2.2v2.5h-1.3c-1.2 0-1.6.8-1.6 1.6V12h2.8l-.4 2.9h-2.3v7C18.3 21.1 22 17 22 12c0-5.5-4.5-10-10-10z\"><\/path><\/svg><span class=\"wp-block-social-link-label screen-reader-text\">Facebook<\/span><\/a><\/li>\n\n<li class=\"wp-social-link wp-social-link-instagram  wp-block-social-link\"><a href=\"https:\/\/instagram.com\/bvclillefot?igsh=MWt1c2tkNWZ1dnpnZQ==\" class=\"wp-block-social-link-anchor\"><svg width=\"24\" height=\"24\" viewBox=\"0 0 24 24\" version=\"1.1\" xmlns=\"http:\/\/www.w3.org\/2000\/svg\" aria-hidden=\"true\" focusable=\"false\"><path d=\"M12,4.622c2.403,0,2.688,0.009,3.637,0.052c0.877,0.04,1.354,0.187,1.671,0.31c0.42,0.163,0.72,0.358,1.035,0.673 c0.315,0.315,0.51,0.615,0.673,1.035c0.123,0.317,0.27,0.794,0.31,1.671c0.043,0.949,0.052,1.234,0.052,3.637 s-0.009,2.688-0.052,3.637c-0.04,0.877-0.187,1.354-0.31,1.671c-0.163,0.42-0.358,0.72-0.673,1.035 c-0.315,0.315-0.615,0.51-1.035,0.673c-0.317,0.123-0.794,0.27-1.671,0.31c-0.949,0.043-1.233,0.052-3.637,0.052 s-2.688-0.009-3.637-0.052c-0.877-0.04-1.354-0.187-1.671-0.31c-0.42-0.163-0.72-0.358-1.035-0.673 c-0.315-0.315-0.51-0.615-0.673-1.035c-0.123-0.317-0.27-0.794-0.31-1.671C4.631,14.688,4.622,14.403,4.622,12 s0.009-2.688,0.052-3.637c0.04-0.877,0.187-1.354,0.31-1.671c0.163-0.42,0.358-0.72,0.673-1.035 c0.315-0.315,0.615-0.51,1.035-0.673c0.317-0.123,0.794-0.27,1.671-0.31C9.312,4.631,9.597,4.622,12,4.622 M12,3 C9.556,3,9.249,3.01,8.289,3.054C7.331,3.098,6.677,3.25,6.105,3.472C5.513,3.702,5.011,4.01,4.511,4.511 c-0.5,0.5-0.808,1.002-1.038,1.594C3.25,6.677,3.098,7.331,3.054,8.289C3.01,9.249,3,9.556,3,12c0,2.444,0.01,2.751,0.054,3.711 c0.044,0.958,0.196,1.612,0.418,2.185c0.23,0.592,0.538,1.094,1.038,1.594c0.5,0.5,1.002,0.808,1.594,1.038 c0.572,0.222,1.227,0.375,2.185,0.418C9.249,20.99,9.556,21,12,21s2.751-0.01,3.711-0.054c0.958-0.044,1.612-0.196,2.185-0.418 c0.592-0.23,1.094-0.538,1.594-1.038c0.5-0.5,0.808-1.002,1.038-1.594c0.222-0.572,0.375-1.227,0.418-2.185 C20.99,14.751,21,14.444,21,12s-0.01-2.751-0.054-3.711c-0.044-0.958-0.196-1.612-0.418-2.185c-0.23-0.592-0.538-1.094-1.038-1.594 c-0.5-0.5-1.002-0.808-1.594-1.038c-0.572-0.222-1.227-0.375-2.185-0.418C14.751,3.01,14.444,3,12,3L12,3z M12,7.378 c-2.552,0-4.622,2.069-4.622,4.622S9.448,16.622,12,16.622s4.622-2.069,4.622-4.622S14.552,7.378,12,7.378z M12,15 c-1.657,0-3-1.343-3-3s1.343-3,3-3s3,1.343,3,3S13.657,15,12,15z M16.804,6.116c-0.596,0-1.08,0.484-1.08,1.08 s0.484,1.08,1.08,1.08c0.596,0,1.08-0.484,1.08-1.08S17.401,6.116,16.804,6.116z\"><\/path><\/svg><span class=\"wp-block-social-link-label screen-reader-text\">Instagram<\/span><\/a><\/li>\n\n<li class=\"wp-social-link wp-social-link-wordpress  wp-block-social-link\"><a href=\"#\" class=\"wp-block-social-link-anchor\"><svg width=\"24\" height=\"24\" viewBox=\"0 0 24 24\" version=\"1.1\" xmlns=\"http:\/\/www.w3.org\/2000\/svg\" aria-hidden=\"true\" focusable=\"false\"><path d=\"M12.158,12.786L9.46,20.625c0.806,0.237,1.657,0.366,2.54,0.366c1.047,0,2.051-0.181,2.986-0.51 c-0.024-0.038-0.046-0.079-0.065-0.124L12.158,12.786z M3.009,12c0,3.559,2.068,6.634,5.067,8.092L3.788,8.341 C3.289,9.459,3.009,10.696,3.009,12z M18.069,11.546c0-1.112-0.399-1.881-0.741-2.48c-0.456-0.741-0.883-1.368-0.883-2.109 c0-0.826,0.627-1.596,1.51-1.596c0.04,0,0.078,0.005,0.116,0.007C16.472,3.904,14.34,3.009,12,3.009 c-3.141,0-5.904,1.612-7.512,4.052c0.211,0.007,0.41,0.011,0.579,0.011c0.94,0,2.396-0.114,2.396-0.114 C7.947,6.93,8.004,7.642,7.52,7.699c0,0-0.487,0.057-1.029,0.085l3.274,9.739l1.968-5.901l-1.401-3.838 C9.848,7.756,9.389,7.699,9.389,7.699C8.904,7.67,8.961,6.93,9.446,6.958c0,0,1.484,0.114,2.368,0.114 c0.94,0,2.397-0.114,2.397-0.114c0.485-0.028,0.542,0.684,0.057,0.741c0,0-0.488,0.057-1.029,0.085l3.249,9.665l0.897-2.996 C17.841,13.284,18.069,12.316,18.069,11.546z M19.889,7.686c0.039,0.286,0.06,0.593,0.06,0.924c0,0.912-0.171,1.938-0.684,3.22 l-2.746,7.94c2.673-1.558,4.47-4.454,4.47-7.771C20.991,10.436,20.591,8.967,19.889,7.686z M12,22C6.486,22,2,17.514,2,12 C2,6.486,6.486,2,12,2c5.514,0,10,4.486,10,10C22,17.514,17.514,22,12,22z\"><\/path><\/svg><span class=\"wp-block-social-link-label screen-reader-text\">WordPress<\/span><\/a><\/li><\/ul>\n","protected":false},"excerpt":{"rendered":"<p>Telefontid: M\u00e5n-fre 8.00-8.30(\u00f6vrig tid telefonsvarare) \u00d6vrig tid kan du n\u00e5 oss via Mina V\u00e5rdkontakter p\u00e5 1177 (vi svarar inom tv\u00e5 arbetsdagar) eller via mail. Mina v\u00e5rdkontakter 1177 \u00d6ppettider: M\u00e5ndag &#8211; fredag 08.00-16.00Endast inbokade tider. Adress: Barnav\u00e5rdcentralen Lillefot AB Storgatan 2, v\u00e5ning 3243 30 H\u00f6\u00f6r BVC Lillefot Google Maps Mailkontakt: (vid generella eller icke br\u00e5dskande fr\u00e5gor [&hellip;]<\/p>\n","protected":false},"author":1,"featured_media":0,"parent":0,"menu_order":0,"comment_status":"closed","ping_status":"closed","template":"","meta":{"footnotes":""},"class_list":["post-81","page","type-page","status-publish","hentry"],"_links":{"self":[{"href":"https:\/\/bvclillefot.se\/index.php\/wp-json\/wp\/v2\/pages\/81","targetHints":{"allow":["GET"]}}],"collection":[{"href":"https:\/\/bvclillefot.se\/index.php\/wp-json\/wp\/v2\/pages"}],"about":[{"href":"https:\/\/bvclillefot.se\/index.php\/wp-json\/wp\/v2\/types\/page"}],"author":[{"embeddable":true,"href":"https:\/\/bvclillefot.se\/index.php\/wp-json\/wp\/v2\/users\/1"}],"replies":[{"embeddable":true,"href":"https:\/\/bvclillefot.se\/index.php\/wp-json\/wp\/v2\/comments?post=81"}],"version-history":[{"count":9,"href":"https:\/\/bvclillefot.se\/index.php\/wp-json\/wp\/v2\/pages\/81\/revisions"}],"predecessor-version":[{"id":209,"href":"https:\/\/bvclillefot.se\/index.php\/wp-json\/wp\/v2\/pages\/81\/revisions\/209"}],"wp:attachment":[{"href":"https:\/\/bvclillefot.se\/index.php\/wp-json\/wp\/v2\/media?parent=81"}],"curies":[{"name":"wp","href":"https:\/\/api.w.org\/{rel}","templated":true}]}}